{"id":3,"date":"2020-02-02T19:22:34","date_gmt":"2020-02-02T19:22:34","guid":{"rendered":"https:\/\/www.colegioenriquesoler.com\/comedor\/?page_id=3"},"modified":"2020-02-10T13:05:32","modified_gmt":"2020-02-10T12:05:32","slug":"politica-privacidad","status":"publish","type":"page","link":"https:\/\/colegioenriquesoler.com\/comedor\/politica-privacidad\/","title":{"rendered":"AVISO LEGAL"},"content":{"rendered":"<p><strong>AVISO LEGAL: PRIVACIDAD Y PROTECCI\u00d3N DE DATOS<\/strong><\/p><p>Descripci\u00f3n General:<\/p><p>El uso, navegaci\u00f3n, registro en www.colegioenriquesoler.com\/comedor se han configurado en base a los principios de transparencia, licitud e informaci\u00f3n.<\/p><p><strong>Privacidad<\/strong>:<\/p><p>Responsable del tratamiento: COOPERATIVA MAESTROS MELILLA CIF F29953296, en adelante COMAMEL<\/p><p><strong>Transparencia<\/strong>:<\/p><p>COMAMEL trata los datos personales de conformidad con los principios rectores de la normativa europea sobre privacidad.<\/p><p>Direcci\u00f3n social:<\/p><p>C\/ ESCULTOR MUSTAFA ARRUF 8<\/p><p>email: correo@colegioenriquesoler.com<\/p><p><strong>Finalidad:<\/strong><\/p><p>El derecho a la libertad de informaci\u00f3n a trav\u00e9s de medios digitales. Remisi\u00f3n de boletines informativos o newsletter asociados a las secciones&nbsp; que conforman <a href=\"http:\/\/colegioenriquesoler.com\">colegioenriquesoler.com<\/a>, incluy\u00e9ndose aquellos requeridos para dar cumplimiento a los requisitos legales del RGPD. Pago de Seguro y Material escolar asociado a la matriculaci\u00f3n del alumno en el Centro,&nbsp; Gesti\u00f3n de plataformas sociales titularidad o asociadas a COMAMEL. Aquellos necesarios para poder continuar prestando el servicio de comunicaci\u00f3n digital. Cookies propias. Contacto, resolver incidencias, gestionar consultas asociadas al servicio o a cualquier otra situaci\u00f3n an\u00e1loga en relaci\u00f3n con COMAMEL<\/p><p><strong>Ejercicio de derechos:<\/strong><\/p><p>Acceso, rectificaci\u00f3n o supresi\u00f3n, limitaci\u00f3n de tratamiento, oposici\u00f3n del tratamiento de los datos personales facilitados o al env\u00edo de publicidad, y a no ser objeto de decisiones exclusivamente automatizadas. Puede ejercer dichos derechos o revocar los consentimientos de tratamiento dados enviando una petici\u00f3n al domicilio social, incluyendo una copia del DNI. Para el ejercicio de los derechos o cualquier aclaraci\u00f3n que precise puede dirigir un correo postal a la direcci\u00f3n social, acreditando ser titular de los datos sobre los que quiere ejercer esos derechos.<\/p><p><strong>Destinatarios<\/strong>:<\/p><p>COMAMEL precisa dentro de su \u00e1mbito de actividad con la finalidad de poder garantizar el servicio y la calidad del mismo que terceros a aquel presten servicios que pudieren llevar afectos tratamiento de datos personales. En relaci\u00f3n a dichos terceros, COMAMEL diferencia entre aquellos terceros que ostentan la condici\u00f3n de Encargado de Tratamiento siendo necesarios para en inter\u00e9s de la entidad, habiendo establecido las medidas legales y t\u00e9cnicas necesarias para preservar su derecho fundamental a la protecci\u00f3n de datos. As\u00ed mismo, en relaci\u00f3n con aquellos terceros COMAMEL&nbsp; le informar\u00e1 de la comunicaci\u00f3n y la necesidad, en su caso, de obtener su consentimiento para el tratamiento afecto a la operaci\u00f3n\/es afectas.<\/p><p><strong>Reclamaci\u00f3n<\/strong>:<\/p><p>Autoridad de Control competente en la materia. Agencia Espa\u00f1ola de Protecci\u00f3n de Datos (www.agpd.es C\/ Jorge Juan, 6 28001 Madrid.) Puede ejercer dichos derechos o revocar los consentimientos de tratamiento dados enviando una petici\u00f3n al domicilio social, incluyendo una copia del DNI. Para el ejercicio de los derechos o cualquier aclaraci\u00f3n que precise puede dirigir un correo postal a la direcci\u00f3n social, acreditando ser titular de los datos sobre los que quiere ejercer esos derechos.<\/p><p>En cumplimiento del art\u00edculo 10 de la Ley 34\/2002, del 11 de Julio, de Servicios de la Sociedad de la Informaci\u00f3n y Comercio Electr\u00f3nico (LSSICE) se exponen a continuaci\u00f3n los datos identificativos de la empresa.<\/p><p>Denominaci\u00f3n social: COMAMEL<\/p><p>CIF &#8211; F29953296<\/p><p>Domicilio social: C\/ ESCULTOR MUSTAFA ARRUF 8<\/p><p>Tel\u00e9fono: 9952679700<\/p><p>Correo electr\u00f3nico: comedor@colegioenriquesoler.com<\/p><p>El acceso y la navegaci\u00f3n en este sitio web supone aceptar y conocer las advertencias legales, condiciones y t\u00e9rminos de uso contenidas en ella. El titular del sitio web puede ofrecer servicios o productos que podr\u00e1n encontrarse sometidos a unas condiciones particulares propias que, seg\u00fan los casos, sustituyan, completen y\/o modifiquen las presentes condiciones, y sobre las cuales se informar\u00e1 al usuario en cada caso concreto.<\/p><p>De acuerdo con lo establecido en el Reglamento UE 2016\/679 del Parlamento Europeo y del Consejo de 27 de abril de 2016 relativo a la protecci\u00f3n de las personas f\u00edsicas en lo que respecta al tratamiento de datos personales y a la libre circulaci\u00f3n de estos datos y la Ley Org\u00e1nica 15\/1999, de 13 de Diciembre, de Protecci\u00f3n de Datos de Car\u00e1cter Personal, se le informa que los datos de car\u00e1cter personal proporcionados ser\u00e1n incluidos en un fichero de titularidad de COMAMEL y que tiene por finalidad la gesti\u00f3n de los clientes, contable, fiscal, administrativa y otras finalidades. Usted puede ejercer los derechos sobre los datos suministrados recogidos en el art. 13 del RGPD de acceso, rectificaci\u00f3n o supresi\u00f3n, limitaci\u00f3n de tratamiento, oposici\u00f3n del tratamiento de los datos personales facilitados o al env\u00edo de publicidad, y a no ser objeto de decisiones exclusivamente automatizadas.<\/p><p><strong>CANCELACI\u00d3N, DEVOLUCI\u00d3N Y REEMBOLSO<\/strong><\/p><p>Debido a la naturaleza de los productos&nbsp; ofrecidos en esta web, los productos adquiridos no podr\u00e1n, en ning\u00fan caso, ser motivo de cancelaci\u00f3n, devoluci\u00f3n o reembolso<\/p><p><strong>SEGURIDAD Y PROTECCI\u00d3N A COMPRADORES<\/strong><\/p><p>Los pagos de las compras en colegioenriquesoler.com\/tienda se hacen a trav\u00e9s de CECABANK (Canal oficial de pago de UNICAJA) con todos los sistemas de encriptaci\u00f3n y seguridad de transferencia de datos a trav\u00e9s del protocolo SSL, por lo que\u00a0el comprador gozar\u00e1 en todo momento con la protecci\u00f3n de estos canales.<\/p>","protected":false},"excerpt":{"rendered":"<p>AVISO LEGAL: PRIVACIDAD Y PROTECCI\u00d3N DE DATOS Descripci\u00f3n General: El uso, navegaci\u00f3n, registro en www.colegioenriquesoler.com\/comedor se han configurado en base a los principios de transparencia, licitud e informaci\u00f3n. Privacidad: Responsable del tratamiento: COOPERATIVA MAESTROS MELILLA CIF F29953296, en adelante COMAMEL Transparencia: COMAMEL trata los datos personales de conformidad con los principios rectores de la normativa [&hellip;]<\/p>\n","protected":false},"author":1,"featured_media":0,"parent":0,"menu_order":0,"comment_status":"closed","ping_status":"closed","template":"","meta":{"_et_pb_use_builder":"","_et_pb_old_content":"","_et_gb_content_width":"","footnotes":""},"class_list":["post-3","page","type-page","status-publish","hentry"],"jetpack_sharing_enabled":true,"post_mailing_queue_ids":[],"_links":{"self":[{"href":"https:\/\/colegioenriquesoler.com\/comedor\/wp-json\/wp\/v2\/pages\/3"}],"collection":[{"href":"https:\/\/colegioenriquesoler.com\/comedor\/wp-json\/wp\/v2\/pages"}],"about":[{"href":"https:\/\/colegioenriquesoler.com\/comedor\/wp-json\/wp\/v2\/types\/page"}],"author":[{"embeddable":true,"href":"https:\/\/colegioenriquesoler.com\/comedor\/wp-json\/wp\/v2\/users\/1"}],"replies":[{"embeddable":true,"href":"https:\/\/colegioenriquesoler.com\/comedor\/wp-json\/wp\/v2\/comments?post=3"}],"version-history":[{"count":3,"href":"https:\/\/colegioenriquesoler.com\/comedor\/wp-json\/wp\/v2\/pages\/3\/revisions"}],"predecessor-version":[{"id":504,"href":"https:\/\/colegioenriquesoler.com\/comedor\/wp-json\/wp\/v2\/pages\/3\/revisions\/504"}],"wp:attachment":[{"href":"https:\/\/colegioenriquesoler.com\/comedor\/wp-json\/wp\/v2\/media?parent=3"}],"curies":[{"name":"wp","href":"https:\/\/api.w.org\/{rel}","templated":true}]}}